{"id":90,"date":"2021-06-20T07:35:46","date_gmt":"2021-06-20T07:35:46","guid":{"rendered":"https:\/\/casticino.ch\/?page_id=90"},"modified":"2025-01-13T19:05:48","modified_gmt":"2025-01-13T18:05:48","slug":"tecnica-e-promemoria","status":"publish","type":"page","link":"https:\/\/casticino.ch\/?page_id=90","title":{"rendered":"DOWNLOAD"},"content":{"rendered":"\n<h3 class=\"wp-block-heading\"><\/h3>\n\n\n\n<div class=\"wp-block-ugb-spacer ugb-spacer ugb-d199190 ugb-spacer--v2 ugb-main-block\"><div class=\"ugb-inner-block\"><div class=\"ugb-block-content\"><div class=\"ugb-spacer--inner\"><\/div><\/div><\/div><\/div>\n\n\n\n<p>Qui di seguito trovate una serie di documenti utili per pianificare o partecipare ad una delle nostre attivit\u00e0, liste di materiale necessario per corsi di alpinismo e sci escursionismo, materiale che pu\u00f2 essere preso in prestito, noleggiato o che dovete per forza possedere.<br>Le scale di difficolt\u00e0 secondo la classificazione UIAA e parecchi promemoria elaborati da Giovent\u00f9 e Sport sono utili per la pianificazione delle vostre gite.<br>Inoltre sono a disposizione anche dei documenti preparati dalla nostra Commissione Tecnica.<\/p>\n\n\n\n<div class=\"wp-block-ugb-spacer ugb-spacer ugb-99899bb ugb-spacer--v2 ugb-main-block\"><div class=\"ugb-inner-block\"><div class=\"ugb-block-content\"><div class=\"ugb-spacer--inner\"><\/div><\/div><\/div><\/div>\n\n\n\n<div class=\"wp-block-ugb-columns ugb-columns ugb-951baf1 ugb-columns--design-plain ugb-columns--columns-3 ugb-main-block\"><div class=\"ugb-inner-block\"><div class=\"ugb-block-content\"><div class=\"ugb-columns__item ugb-951baf1-content-wrapper\">\n<div class=\"wp-block-ugb-column ugb-column ugb-23bdf10 ugb-column--design-plain ugb-main-block\"><div class=\"ugb-inner-block\"><div class=\"ugb-block-content\"><div class=\"ugb-column__item ugb-23bdf10-column-wrapper\"><div class=\"ugb-column__content-wrapper\">\n<p class=\"has-text-color\" style=\"color:#4e7788;font-size:27px\"><strong>Scala di difficolt\u00e0<\/strong><\/p>\n\n\n\n<div class=\"wp-block-ugb-button ugb-button-wrapper ugb-b160b9e ugb-button--design-fullwidth ugb-main-block\"><style>.ugb-b160b9e .ugb-button1{background-color:#4e7788;border-radius:26px !important}.ugb-b160b9e .ugb-button1 .ugb-button--inner,.ugb-b160b9e .ugb-button1 svg:not(.ugb-custom-icon){color:#ffffff !important}.ugb-b160b9e .ugb-button1:before{border-radius:26px !important}@media screen and (min-width:768px){.ugb-b160b9e.ugb-button-wrapper{margin-bottom:-23px !important}}<\/style><div class=\"ugb-inner-block\"><div class=\"ugb-block-content\"><div class=\"ugb-button-container\"><a class=\"ugb-button1 ugb-button ugb-button--size-normal\" href=\"https:\/\/casticino.ch\/wp-content\/uploads\/2021\/08\/scala_di_diffficolta_arrampicata_sportiva-1.pdf\" target=\"_blank\" rel=\"noopener noreferrer\" title=\"\"><span class=\"ugb-button--inner\">Arrampicata sportiva<\/span><\/a><\/div><\/div><\/div><\/div>\n\n\n\n<div class=\"wp-block-ugb-button ugb-button-wrapper ugb-ad5fb27 ugb-button--design-fullwidth ugb-main-block\"><style>.ugb-ad5fb27 .ugb-button1{background-color:#4e7788;border-radius:26px !important}.ugb-ad5fb27 .ugb-button1 .ugb-button--inner,.ugb-ad5fb27 .ugb-button1 svg:not(.ugb-custom-icon){color:#ffffff !important}.ugb-ad5fb27 .ugb-button1:before{border-radius:26px !important}@media screen and (min-width:768px){.ugb-ad5fb27.ugb-button-wrapper{margin-bottom:-23px !important}}<\/style><div class=\"ugb-inner-block\"><div class=\"ugb-block-content\"><div class=\"ugb-button-container\"><a class=\"ugb-button1 ugb-button ugb-button--size-normal\" href=\"https:\/\/casticino.ch\/wp-content\/uploads\/2021\/08\/scala_di_difficolta_alpinistiche-1.pdf\" target=\"_blank\" rel=\"noopener noreferrer\" title=\"\"><span class=\"ugb-button--inner\">Alpinistiche<\/span><\/a><\/div><\/div><\/div><\/div>\n\n\n\n<div class=\"wp-block-ugb-button ugb-button-wrapper ugb-9f86964 ugb-button--design-fullwidth ugb-main-block\"><style>.ugb-9f86964 .ugb-button1{background-color:#4e7788;border-radius:26px !important}.ugb-9f86964 .ugb-button1 .ugb-button--inner,.ugb-9f86964 .ugb-button1 svg:not(.ugb-custom-icon){color:#ffffff !important}.ugb-9f86964 .ugb-button1:before{border-radius:26px !important}@media screen and (min-width:768px){.ugb-9f86964.ugb-button-wrapper{margin-bottom:-23px !important}}<\/style><div class=\"ugb-inner-block\"><div class=\"ugb-block-content\"><div class=\"ugb-button-container\"><a class=\"ugb-button1 ugb-button ugb-button--size-normal\" href=\"https:\/\/casticino.ch\/wp-content\/uploads\/2021\/08\/scala_di_difficolta_arrampicata_artificiale-1.pdf\" target=\"_blank\" rel=\"noopener noreferrer\" title=\"\"><span class=\"ugb-button--inner\">Arrampicata artificiale<\/span><\/a><\/div><\/div><\/div><\/div>\n\n\n\n<div class=\"wp-block-ugb-button ugb-button-wrapper ugb-045b2a1 ugb-button--design-fullwidth ugb-main-block\"><style>.ugb-045b2a1 .ugb-button1{background-color:#4e7788;border-radius:26px !important}.ugb-045b2a1 .ugb-button1 .ugb-button--inner,.ugb-045b2a1 .ugb-button1 svg:not(.ugb-custom-icon){color:#ffffff !important}.ugb-045b2a1 .ugb-button1:before{border-radius:26px !important}@media screen and (min-width:768px){.ugb-045b2a1.ugb-button-wrapper{margin-bottom:-23px !important}}<\/style><div class=\"ugb-inner-block\"><div class=\"ugb-block-content\"><div class=\"ugb-button-container\"><a class=\"ugb-button1 ugb-button ugb-button--size-normal\" href=\"https:\/\/casticino.ch\/wp-content\/uploads\/2021\/08\/scala_di_difficolta_escursionismo_trekking-1.pdf\" target=\"_blank\" rel=\"noopener noreferrer\" title=\"\"><span class=\"ugb-button--inner\">Escursionismo &#8211; Trekking<\/span><\/a><\/div><\/div><\/div><\/div>\n\n\n\n<div class=\"wp-block-ugb-button ugb-button-wrapper ugb-a688d01 ugb-button--design-fullwidth ugb-main-block\"><style>.ugb-a688d01 .ugb-button1{background-color:#4e7788;border-radius:26px !important}.ugb-a688d01 .ugb-button1 .ugb-button--inner,.ugb-a688d01 .ugb-button1 svg:not(.ugb-custom-icon){color:#ffffff !important}.ugb-a688d01 .ugb-button1:before{border-radius:26px !important}@media screen and (min-width:768px){.ugb-a688d01.ugb-button-wrapper{margin-bottom:-23px !important}}<\/style><div class=\"ugb-inner-block\"><div class=\"ugb-block-content\"><div class=\"ugb-button-container\"><a class=\"ugb-button1 ugb-button ugb-button--size-normal\" href=\"https:\/\/casticino.ch\/wp-content\/uploads\/2021\/08\/scala_di_difficolta_racchette_ciaspole-1.pdf\" target=\"_blank\" rel=\"noopener noreferrer\" title=\"\"><span class=\"ugb-button--inner\">Racchette &#8211; Ciaspole<\/span><\/a><\/div><\/div><\/div><\/div>\n\n\n\n<div class=\"wp-block-ugb-button ugb-button-wrapper ugb-f186106 ugb-button--design-fullwidth ugb-main-block\"><style>.ugb-f186106 .ugb-button1{background-color:#4e7788;border-radius:26px !important}.ugb-f186106 .ugb-button1 .ugb-button--inner,.ugb-f186106 .ugb-button1 svg:not(.ugb-custom-icon){color:#ffffff !important}.ugb-f186106 .ugb-button1:before{border-radius:26px !important}@media screen and (min-width:768px){.ugb-f186106.ugb-button-wrapper{margin-bottom:-23px !important}}<\/style><div class=\"ugb-inner-block\"><div class=\"ugb-block-content\"><div class=\"ugb-button-container\"><a class=\"ugb-button1 ugb-button ugb-button--size-normal\" href=\"https:\/\/casticino.ch\/wp-content\/uploads\/2021\/08\/scala_di_difficolta_sci_alpinismo-1.pdf\" target=\"_blank\" rel=\"noopener noreferrer\" title=\"\"><span class=\"ugb-button--inner\">Sci alpinismo<\/span><\/a><\/div><\/div><\/div><\/div>\n\n\n\n<div class=\"wp-block-ugb-button ugb-button-wrapper ugb-610b736 ugb-button--design-fullwidth ugb-main-block\"><style>.ugb-610b736 .ugb-button1{background-color:#4e7788;border-radius:26px !important}.ugb-610b736 .ugb-button1 .ugb-button--inner,.ugb-610b736 .ugb-button1 svg:not(.ugb-custom-icon){color:#ffffff !important}.ugb-610b736 .ugb-button1:before{border-radius:26px !important}@media screen and (min-width:768px){.ugb-610b736.ugb-button-wrapper{margin-bottom:-23px !important}}<\/style><div class=\"ugb-inner-block\"><div class=\"ugb-block-content\"><div class=\"ugb-button-container\"><a class=\"ugb-button1 ugb-button ugb-button--size-normal\" href=\"https:\/\/casticino.ch\/wp-content\/uploads\/2021\/08\/scala_di_difficolta_vie_ferrate-1.pdf\" target=\"_blank\" rel=\"noopener noreferrer\" title=\"\"><span class=\"ugb-button--inner\">Vie ferrate<\/span><\/a><\/div><\/div><\/div><\/div>\n<\/div><\/div><\/div><\/div><\/div>\n\n\n\n<div class=\"wp-block-ugb-column ugb-column ugb-66a6e4a ugb-column--design-plain ugb-main-block\"><div class=\"ugb-inner-block\"><div class=\"ugb-block-content\"><div class=\"ugb-column__item ugb-66a6e4a-column-wrapper\"><div class=\"ugb-column__content-wrapper\">\n<p class=\"has-text-color\" style=\"color:#4e7788;font-size:27px\"><strong>Promemoria<\/strong><\/p>\n\n\n\n<div class=\"wp-block-ugb-button ugb-button-wrapper ugb-6baf50b ugb-button--design-fullwidth ugb-main-block\"><style>.ugb-6baf50b .ugb-button1{background-color:#4e7788;border-radius:26px !important}.ugb-6baf50b .ugb-button1 .ugb-button--inner,.ugb-6baf50b .ugb-button1 svg:not(.ugb-custom-icon){color:#ffffff !important}.ugb-6baf50b .ugb-button1:before{border-radius:26px !important}@media screen and (min-width:768px){.ugb-6baf50b.ugb-button-wrapper{margin-bottom:-23px !important}}<\/style><div class=\"ugb-inner-block\"><div class=\"ugb-block-content\"><div class=\"ugb-button-container\"><a class=\"ugb-button1 ugb-button ugb-button--size-normal\" href=\"https:\/\/casticino.ch\/wp-content\/uploads\/2021\/08\/promemoria_meteo.pdf\" target=\"_blank\" rel=\"noopener noreferrer\" title=\"\"><span class=\"ugb-button--inner\">Meteo<\/span><\/a><\/div><\/div><\/div><\/div>\n\n\n\n<div class=\"wp-block-ugb-button ugb-button-wrapper ugb-ade5afd ugb-button--design-fullwidth ugb-main-block\"><style>.ugb-ade5afd .ugb-button1{background-color:#4e7788;border-radius:26px !important}.ugb-ade5afd .ugb-button1 .ugb-button--inner,.ugb-ade5afd .ugb-button1 svg:not(.ugb-custom-icon){color:#ffffff !important}.ugb-ade5afd .ugb-button1:before{border-radius:26px !important}@media screen and (min-width:768px){.ugb-ade5afd.ugb-button-wrapper{margin-bottom:-23px !important}}<\/style><div class=\"ugb-inner-block\"><div class=\"ugb-block-content\"><div class=\"ugb-button-container\"><a class=\"ugb-button1 ugb-button ugb-button--size-normal\" href=\"https:\/\/casticino.ch\/wp-content\/uploads\/2021\/08\/promemoria_orientamento.pdf\" target=\"_blank\" rel=\"noopener noreferrer\" title=\"\"><span class=\"ugb-button--inner\">Orientamento<\/span><\/a><\/div><\/div><\/div><\/div>\n\n\n\n<div class=\"wp-block-ugb-button ugb-button-wrapper ugb-b1a531d ugb-button--design-fullwidth ugb-main-block\"><style>.ugb-b1a531d .ugb-button1{background-color:#4e7788;border-radius:26px !important}.ugb-b1a531d .ugb-button1 .ugb-button--inner,.ugb-b1a531d .ugb-button1 svg:not(.ugb-custom-icon){color:#ffffff !important}.ugb-b1a531d .ugb-button1:before{border-radius:26px !important}@media screen and (min-width:768px){.ugb-b1a531d.ugb-button-wrapper{margin-bottom:-23px !important}}<\/style><div class=\"ugb-inner-block\"><div class=\"ugb-block-content\"><div class=\"ugb-button-container\"><a class=\"ugb-button1 ugb-button ugb-button--size-normal\" href=\"https:\/\/casticino.ch\/wp-content\/uploads\/2021\/08\/promemoria_scalata_su_ghiaccio.pdf\" target=\"_blank\" rel=\"noopener noreferrer\" title=\"\"><span class=\"ugb-button--inner\">Scalata su ghiaccio<\/span><\/a><\/div><\/div><\/div><\/div>\n\n\n\n<div class=\"wp-block-ugb-button ugb-button-wrapper ugb-dbec203 ugb-button--design-fullwidth ugb-main-block\"><style>.ugb-dbec203 .ugb-button1{background-color:#4e7788;border-radius:26px !important}.ugb-dbec203 .ugb-button1 .ugb-button--inner,.ugb-dbec203 .ugb-button1 svg:not(.ugb-custom-icon){color:#ffffff !important}.ugb-dbec203 .ugb-button1:before{border-radius:26px !important}@media screen and (min-width:768px){.ugb-dbec203.ugb-button-wrapper{margin-bottom:-23px !important}}<\/style><div class=\"ugb-inner-block\"><div class=\"ugb-block-content\"><div class=\"ugb-button-container\"><a class=\"ugb-button1 ugb-button ugb-button--size-normal\" href=\"https:\/\/casticino.ch\/wp-content\/uploads\/2021\/08\/promemoria_tecnica_alpina.pdf\" target=\"_blank\" rel=\"noopener noreferrer\" title=\"\"><span class=\"ugb-button--inner\">Tecnica alpina<\/span><\/a><\/div><\/div><\/div><\/div>\n\n\n\n<div class=\"wp-block-ugb-button ugb-button-wrapper ugb-23ba828 ugb-button--design-fullwidth ugb-main-block\"><style>.ugb-23ba828 .ugb-button1{background-color:#4e7788;border-radius:26px !important}.ugb-23ba828 .ugb-button1 .ugb-button--inner,.ugb-23ba828 .ugb-button1 svg:not(.ugb-custom-icon){color:#ffffff !important}.ugb-23ba828 .ugb-button1:before{border-radius:26px !important}@media screen and (min-width:768px){.ugb-23ba828.ugb-button-wrapper{margin-bottom:-23px !important}}<\/style><div class=\"ugb-inner-block\"><div class=\"ugb-block-content\"><div class=\"ugb-button-container\"><a class=\"ugb-button1 ugb-button ugb-button--size-normal\" href=\"https:\/\/casticino.ch\/wp-content\/uploads\/2021\/08\/promemoria_incidente_valanga_e_ARVA.pdf\" target=\"_blank\" rel=\"noopener noreferrer\" title=\"\"><span class=\"ugb-button--inner\">Incidente valanga e ARVA<\/span><\/a><\/div><\/div><\/div><\/div>\n\n\n\n<div class=\"wp-block-ugb-button ugb-button-wrapper ugb-02552a5 ugb-button--design-fullwidth ugb-main-block\"><style>.ugb-02552a5 .ugb-button1{background-color:#4e7788;border-radius:26px !important}.ugb-02552a5 .ugb-button1 .ugb-button--inner,.ugb-02552a5 .ugb-button1 svg:not(.ugb-custom-icon){color:#ffffff !important}.ugb-02552a5 .ugb-button1:before{border-radius:26px !important}@media screen and (min-width:768px){.ugb-02552a5.ugb-button-wrapper{margin-bottom:-23px !important}}<\/style><div class=\"ugb-inner-block\"><div class=\"ugb-block-content\"><div class=\"ugb-button-container\"><a class=\"ugb-button1 ugb-button ugb-button--size-normal\" href=\"https:\/\/casticino.ch\/wp-content\/uploads\/2024\/03\/Procedura-richiesta-materiale-CAS-Ticino.pdf\" target=\"_blank\" rel=\"noopener noreferrer\" title=\"\"><span class=\"ugb-button--inner\">Procedura richiesta materiale <\/span><\/a><\/div><\/div><\/div><\/div>\n\n\n\n<div class=\"wp-block-ugb-button ugb-button-wrapper ugb-319ff77 ugb-button--design-fullwidth ugb-main-block\"><style>.ugb-319ff77 .ugb-button1{background-color:#4e7788;border-radius:26px !important}.ugb-319ff77 .ugb-button1 .ugb-button--inner,.ugb-319ff77 .ugb-button1 svg:not(.ugb-custom-icon){color:#ffffff !important}.ugb-319ff77 .ugb-button1:before{border-radius:26px !important}@media screen and (min-width:768px){.ugb-319ff77.ugb-button-wrapper{margin-bottom:-23px !important}}<\/style><div class=\"ugb-inner-block\"><div class=\"ugb-block-content\"><div class=\"ugb-button-container\"><a class=\"ugb-button1 ugb-button ugb-button--size-normal\" href=\"https:\/\/casticino.ch\/wp-content\/uploads\/2024\/03\/Lista-materiele-magazzino-CAS-Ticino_v2-1.pdf\" target=\"_blank\" rel=\"noopener noreferrer\" title=\"\"><span class=\"ugb-button--inner\">Lista noleggio materiale<\/span><\/a><\/div><\/div><\/div><\/div>\n\n\n\n<div class=\"wp-block-ugb-button ugb-button-wrapper ugb-31cc08f ugb-button--design-fullwidth ugb-main-block\"><style>.ugb-31cc08f .ugb-button1{background-color:#4e7788;border-radius:26px !important}.ugb-31cc08f .ugb-button1 .ugb-button--inner,.ugb-31cc08f .ugb-button1 svg:not(.ugb-custom-icon){color:#ffffff !important}.ugb-31cc08f .ugb-button1:before{border-radius:26px !important}@media screen and (min-width:768px){.ugb-31cc08f.ugb-button-wrapper{margin-bottom:-23px !important}}<\/style><div class=\"ugb-inner-block\"><div class=\"ugb-block-content\"><div class=\"ugb-button-container\"><a class=\"ugb-button1 ugb-button ugb-button--size-normal\" href=\"https:\/\/casticino.ch\/wp-content\/uploads\/2024\/04\/Procedura-attivita-e-gite-CasTicino.pdf\" target=\"_blank\" rel=\"noopener noreferrer\" title=\"\"><span class=\"ugb-button--inner\">Promemoria CAPIGITA<\/span><\/a><\/div><\/div><\/div><\/div>\n\n\n\n<div class=\"wp-block-ugb-button ugb-button-wrapper ugb-e539841 ugb-button--design-fullwidth ugb-main-block\"><style>.ugb-e539841 .ugb-button1{background-color:#4e7788;border-radius:26px !important}.ugb-e539841 .ugb-button1 .ugb-button--inner,.ugb-e539841 .ugb-button1 svg:not(.ugb-custom-icon){color:#ffffff !important}.ugb-e539841 .ugb-button1:before{border-radius:26px !important}@media screen and (min-width:768px){.ugb-e539841.ugb-button-wrapper{margin-bottom:-23px !important}}<\/style><div class=\"ugb-inner-block\"><div class=\"ugb-block-content\"><div class=\"ugb-button-container\"><a class=\"ugb-button1 ugb-button ugb-button--size-normal\" href=\"https:\/\/casticino.ch\/wp-content\/uploads\/2024\/04\/MANUALE-FORM-CARICAMENTO-IMMAGINI.pdf\" target=\"_blank\" rel=\"noopener noreferrer\" title=\"\"><span class=\"ugb-button--inner\">Manuale caricamento foto delle gite <\/span><\/a><\/div><\/div><\/div><\/div>\n<\/div><\/div><\/div><\/div><\/div>\n\n\n\n<div class=\"wp-block-ugb-column ugb-column ugb-164f44e ugb-column--design-plain ugb-main-block\"><div class=\"ugb-inner-block\"><div class=\"ugb-block-content\"><div class=\"ugb-column__item ugb-164f44e-column-wrapper\"><div class=\"ugb-column__content-wrapper\">\n<p class=\"has-text-color\" style=\"color:#4e7788;font-size:27px\"><strong>Pianificazione gite<\/strong><\/p>\n\n\n\n<div class=\"wp-block-ugb-button ugb-button-wrapper ugb-5b4ed32 ugb-button--design-fullwidth ugb-main-block\"><style>.ugb-5b4ed32 .ugb-button1{background-color:#4e7788;border-radius:26px !important}.ugb-5b4ed32 .ugb-button1 .ugb-button--inner,.ugb-5b4ed32 .ugb-button1 svg:not(.ugb-custom-icon){color:#ffffff !important}.ugb-5b4ed32 .ugb-button1:before{border-radius:26px !important}@media screen and (min-width:768px){.ugb-5b4ed32.ugb-button-wrapper{margin-bottom:-23px !important}}<\/style><div class=\"ugb-inner-block\"><div class=\"ugb-block-content\"><div class=\"ugb-button-container\"><a class=\"ugb-button1 ugb-button ugb-button--size-normal\" href=\"https:\/\/casticino.ch\/wp-content\/uploads\/2021\/08\/formulario_pianificazione_gite_estivo.pdf\" target=\"_blank\" rel=\"noopener noreferrer\" title=\"\"><span class=\"ugb-button--inner\">Formulario pianificazione gite estivo<\/span><\/a><\/div><\/div><\/div><\/div>\n\n\n\n<div class=\"wp-block-ugb-button ugb-button-wrapper ugb-c2c96fd ugb-button--design-fullwidth ugb-main-block\"><style>.ugb-c2c96fd .ugb-button1{background-color:#4e7788;border-radius:26px !important}.ugb-c2c96fd .ugb-button1 .ugb-button--inner,.ugb-c2c96fd .ugb-button1 svg:not(.ugb-custom-icon){color:#ffffff !important}.ugb-c2c96fd .ugb-button1:before{border-radius:26px !important}@media screen and (min-width:768px){.ugb-c2c96fd.ugb-button-wrapper{margin-bottom:-23px !important}}<\/style><div class=\"ugb-inner-block\"><div class=\"ugb-block-content\"><div class=\"ugb-button-container\"><a class=\"ugb-button1 ugb-button ugb-button--size-normal\" href=\"https:\/\/casticino.ch\/wp-content\/uploads\/2021\/08\/carte_nazionali_CH_25000.pdf\" target=\"_blank\" rel=\"noopener noreferrer\" title=\"\"><span class=\"ugb-button--inner\">Cartina CH 1:25&#8217;000<\/span><\/a><\/div><\/div><\/div><\/div>\n\n\n\n<div class=\"wp-block-ugb-button ugb-button-wrapper ugb-11364e8 ugb-button--design-fullwidth ugb-main-block\"><style>.ugb-11364e8 .ugb-button1{background-color:#4e7788;border-radius:26px !important}.ugb-11364e8 .ugb-button1 .ugb-button--inner,.ugb-11364e8 .ugb-button1 svg:not(.ugb-custom-icon){color:#ffffff !important}.ugb-11364e8 .ugb-button1:before{border-radius:26px !important}@media screen and (min-width:768px){.ugb-11364e8.ugb-button-wrapper{margin-bottom:-23px !important}}<\/style><div class=\"ugb-inner-block\"><div class=\"ugb-block-content\"><div class=\"ugb-button-container\"><a class=\"ugb-button1 ugb-button ugb-button--size-normal\" href=\"https:\/\/casticino.ch\/wp-content\/uploads\/2021\/08\/carte_nazionali_CH-50000.pdf\" target=\"_blank\" rel=\"noopener noreferrer\" title=\"\"><span class=\"ugb-button--inner\"> Cartina CH 1:50&#8217;000 <\/span><\/a><\/div><\/div><\/div><\/div>\n\n\n\n<div class=\"wp-block-ugb-button ugb-button-wrapper ugb-f495102 ugb-button--design-fullwidth ugb-main-block\"><style>.ugb-f495102 .ugb-button1{background-color:#4e7788;border-radius:26px !important}.ugb-f495102 .ugb-button1 .ugb-button--inner,.ugb-f495102 .ugb-button1 svg:not(.ugb-custom-icon){color:#ffffff !important}.ugb-f495102 .ugb-button1:before{border-radius:26px !important}@media screen and (min-width:768px){.ugb-f495102.ugb-button-wrapper{margin-bottom:-23px !important}}<\/style><div class=\"ugb-inner-block\"><div class=\"ugb-block-content\"><div class=\"ugb-button-container\"><a class=\"ugb-button1 ugb-button ugb-button--size-normal\" href=\"https:\/\/casticino.ch\/wp-content\/uploads\/2021\/08\/carte_nazionali_CH_50000_Sci_esc.pdf\" target=\"_blank\" rel=\"noopener noreferrer\" title=\"\"><span class=\"ugb-button--inner\"> Cartina CH 1:50&#8217;000 sci<\/span><\/a><\/div><\/div><\/div><\/div>\n<\/div><\/div><\/div><\/div><\/div>\n<\/div><\/div><\/div><\/div>\n\n\n\n<p><\/p>\n","protected":false},"excerpt":{"rendered":"<p>Qui di seguito trovate una serie di documenti utili per pianificare o partecipare ad una delle nostre attivit\u00e0, liste di materiale necessario per corsi di alpinismo e sci escursionismo, materiale che pu\u00f2 essere preso in prestito, noleggiato o che dovete per forza possedere.Le scale di difficolt\u00e0 secondo la classificazione UIAA e parecchi promemoria elaborati da [&hellip;]<\/p>\n","protected":false},"author":2,"featured_media":0,"parent":0,"menu_order":0,"comment_status":"closed","ping_status":"closed","template":"","meta":{"footnotes":""},"class_list":["post-90","page","type-page","status-publish","hentry"],"featured_image_urls_v2":{"full":"","thumbnail":"","medium":"","medium_large":"","large":"","1536x1536":"","2048x2048":"","psacp-medium":""},"post_excerpt_stackable_v2":"<p>Qui di seguito trovate una serie di documenti utili per pianificare o partecipare ad una delle nostre attivit\u00e0, liste di materiale necessario per corsi di alpinismo e sci escursionismo, materiale che pu\u00f2 essere preso in prestito, noleggiato o che dovete per forza possedere.Le scale di difficolt\u00e0 secondo la classificazione UIAA e parecchi promemoria elaborati da Giovent\u00f9 e Sport sono utili per la pianificazione delle vostre gite.Inoltre sono a disposizione anche dei documenti preparati dalla nostra Commissione Tecnica. Scala di difficolt\u00e0 Arrampicata sportiva Alpinistiche Arrampicata artificiale Escursionismo &#8211; Trekking Racchette &#8211; Ciaspole Sci alpinismo Vie ferrate Promemoria Meteo Orientamento Scalata su&hellip;<\/p>\n","category_list_v2":"","author_info_v2":{"name":"Valeria Demarta","url":"https:\/\/casticino.ch\/?author=2"},"comments_num_v2":"0 commenti","_links":{"self":[{"href":"https:\/\/casticino.ch\/index.php?rest_route=\/wp\/v2\/pages\/90","targetHints":{"allow":["GET"]}}],"collection":[{"href":"https:\/\/casticino.ch\/index.php?rest_route=\/wp\/v2\/pages"}],"about":[{"href":"https:\/\/casticino.ch\/index.php?rest_route=\/wp\/v2\/types\/page"}],"author":[{"embeddable":true,"href":"https:\/\/casticino.ch\/index.php?rest_route=\/wp\/v2\/users\/2"}],"replies":[{"embeddable":true,"href":"https:\/\/casticino.ch\/index.php?rest_route=%2Fwp%2Fv2%2Fcomments&post=90"}],"version-history":[{"count":8,"href":"https:\/\/casticino.ch\/index.php?rest_route=\/wp\/v2\/pages\/90\/revisions"}],"predecessor-version":[{"id":5133,"href":"https:\/\/casticino.ch\/index.php?rest_route=\/wp\/v2\/pages\/90\/revisions\/5133"}],"wp:attachment":[{"href":"https:\/\/casticino.ch\/index.php?rest_route=%2Fwp%2Fv2%2Fmedia&parent=90"}],"curies":[{"name":"wp","href":"https:\/\/api.w.org\/{rel}","templated":true}]}}