{"id":65,"date":"2021-06-20T07:25:19","date_gmt":"2021-06-20T07:25:19","guid":{"rendered":"https:\/\/casticino.ch\/?page_id=65"},"modified":"2024-10-08T11:26:24","modified_gmt":"2024-10-08T09:26:24","slug":"giovani","status":"publish","type":"page","link":"https:\/\/casticino.ch\/?page_id=65","title":{"rendered":"GIOVANI &#8211; programma droptour"},"content":{"rendered":"\n<h3 class=\"wp-block-heading\">Attivit\u00e0 Giovani<\/h3>\n\n\n\n<h3 class=\"wp-block-heading\" id=\"jr\">Introduzione<\/h3>\n\n\n\n<p>L&#8217;attivit\u00e0 OG (Organizzazione Giovani), della Sezione, \u00e8 riservata a ragazze e ragazzi dai 10 ai 25 anni. L&#8217;obbiettivo \u00e8 quello di formare i giovani nelle diverse discipline legate alla montagna. Permettendo loro di vivere esperienze uniche e crescere oltre che da un punto di vista tecnico, anche umano; con valori di condivisione e rispetto tipici delle persone abituate all&#8217;andare in montagna. Le attivit\u00e0 proposte coprono le seguenti discipline: sciescursionismo (dai 13 anni), alpinismo e arrampicata. Per ogni fascia di et\u00e0 inoltre sono proposte attivit\u00e0 mirate.<\/p>\n\n\n\n<p>Oltre le attivit\u00e0 durante i fine settimana, i punti salienti del calendario sono la settimana Spider alla Capanna Campo Tencia, la settimana di alpinismo per il gruppo Junior, 4 giorni di arrampicata ai Denti della Vecchia e la settimana di sci escursionismo durante le vacanze di Natale (dai 14 anni).<\/p>\n\n\n\n<div class=\"wp-block-ugb-spacer ugb-spacer ugb-eee7197 ugb-spacer--v2 ugb-main-block\"><div class=\"ugb-inner-block\"><div class=\"ugb-block-content\"><div class=\"ugb-spacer--inner\"><\/div><\/div><\/div><\/div>\n\n\n\n<h3 class=\"wp-block-heading\" id=\"mini\">Spider (10 &#8211; 15 anni)<\/h3>\n\n\n\n<p>Perch\u00e9 non iniziare a muovere i primi passi su roccia gi\u00e0 dai 10 anni? Scivolare su qualche nevaio o calarsi da una parete di 50 metri? A loro \u00e8 dedicata la settimana al Tencia dove essere introdotti all&#8217;arrampicata e all&#8217;alpinismo. Con la settimana Mini i pi\u00f9 piccoli hanno la possibilit\u00e0 di scegliere una settimana di escursioni sulle nostre montagne, spesso passando da capanna in capanna. In ogni caso il gioco, il divertimento, la formazione di un bel gruppo e la condivisione di nuove esperienze ed emozioni saranno una componente fondamentale di queste settimane.<\/p>\n\n\n\n<div class=\"wp-block-ugb-spacer ugb-spacer ugb-8a8e29c ugb-spacer--v2 ugb-main-block\"><div class=\"ugb-inner-block\"><div class=\"ugb-block-content\"><div class=\"ugb-spacer--inner\"><\/div><\/div><\/div><\/div>\n\n\n\n<h3 class=\"wp-block-heading\">Junior (15 &#8211; 18 anni)<\/h3>\n\n\n\n<p>Le montagne diventano pi\u00f9 alte, pi\u00f9 neve, ghiaccio e roccia. Dai 15 anni ai 18 il gruppo junior inizia a cimentarsi con scalate pi\u00f9 impegnative. La settimana Junior, insieme con le uscite nei weekend permette ai principianti di iniziare in tutta sicurezza questa attivit\u00e0, oppure approfondire argomenti gi\u00e0 visti nelle settimane per i pi\u00f9 piccoli. L&#8217;apprendimento delle nozioni tecniche principali sono una componente fondamentale delle uscite. Si affronteranno anche salite a montagne mediamente difficili, in Ticino o nei cantoni confinanti. La salita di vie su roccia e l\u2019arrampicata sportiva, porter\u00e0 inoltre i giovani ad acquisire la sufficiente dimestichezza per poi frequentare anche in modo autonomo le palestre e le falesie.<\/p>\n\n\n\n<div class=\"wp-block-ugb-spacer ugb-spacer ugb-ff80f61 ugb-spacer--v2 ugb-main-block\"><div class=\"ugb-inner-block\"><div class=\"ugb-block-content\"><div class=\"ugb-spacer--inner\"><\/div><\/div><\/div><\/div>\n\n\n\n<h3 class=\"wp-block-heading\"><strong>Allievi (18-25)<\/strong><\/h3>\n\n\n\n<p>L&#8217;attivit\u00e0 diventa pi\u00f9 intensa ed interessante, ma c\u2019\u00e8 ampio spazio anche per chi decide a questa et\u00e0 di avvicinarsi per la prima volta alla montagna. Sci alpinismo, arrampicate in Svizzera e all&#8217;estero, alpinismo sui pi\u00f9 belli itinerari di tutto l&#8217;arco alpino. Per chi lo desidera, l\u2019obiettivo ultimo \u00e8 di formare gli OG ad assumere il ruolo di capocordata nelle gite sezionali e di prepararli ad affrontare ulteriori corsi di formazione (G+S o CAS).<\/p>\n\n\n\n<div class=\"wp-block-ugb-spacer ugb-spacer ugb-c8e70af ugb-spacer--v2 ugb-main-block\"><div class=\"ugb-inner-block\"><div class=\"ugb-block-content\"><div class=\"ugb-spacer--inner\"><\/div><\/div><\/div><\/div>\n\n\n\n<h3 class=\"wp-block-heading\"><strong>Programma gite<\/strong><\/h3>\n\n\n\n<p>Gli OG sono invitati a partecipare anche alle altre attivit\u00e0 sezionali come le gite per Attivi e gli eventi. Per scoprire quale gita \u00e8 pi\u00f9 adatta a voi non esitate a contattare il capogita o i referenti della Commissione Giovani. Non vi resta che iscrivervi!<\/p>\n\n\n\n<div style=\"height: 1000px;  width: 100%;\"> <iframe loading=\"lazy\" style=\"border: none; position: relative; width: 100%; height: 1000px;\" src=\"https:\/\/ssl.dropnet.ch\/casticino\/gite\/index.php?page=touren&amp;year=&amp;typ=&amp;gruppe=Giovani&amp;anlasstyp=&amp;suchstring=\" name=\"DropTours\" width=\"1000\" height=\"1000\">\n<p>Il tuo browser non supporta gli iframe<\/p>\n<p>&nbsp;<\/p><\/iframe>\n<\/div>\n","protected":false},"excerpt":{"rendered":"<p>Attivit\u00e0 Giovani Introduzione L&#8217;attivit\u00e0 OG (Organizzazione Giovani), della Sezione, \u00e8 riservata a ragazze e ragazzi dai 10 ai 25 anni. L&#8217;obbiettivo \u00e8 quello di formare i giovani nelle diverse discipline legate alla montagna. Permettendo loro di vivere esperienze uniche e crescere oltre che da un punto di vista tecnico, anche umano; con valori di condivisione [&hellip;]<\/p>\n","protected":false},"author":2,"featured_media":0,"parent":0,"menu_order":0,"comment_status":"closed","ping_status":"closed","template":"","meta":{"footnotes":""},"class_list":["post-65","page","type-page","status-publish","hentry"],"featured_image_urls_v2":{"full":"","thumbnail":"","medium":"","medium_large":"","large":"","1536x1536":"","2048x2048":"","psacp-medium":""},"post_excerpt_stackable_v2":"<p>Attivit\u00e0 Giovani Introduzione L&#8217;attivit\u00e0 OG (Organizzazione Giovani), della Sezione, \u00e8 riservata a ragazze e ragazzi dai 10 ai 25 anni. L&#8217;obbiettivo \u00e8 quello di formare i giovani nelle diverse discipline legate alla montagna. Permettendo loro di vivere esperienze uniche e crescere oltre che da un punto di vista tecnico, anche umano; con valori di condivisione e rispetto tipici delle persone abituate all&#8217;andare in montagna. Le attivit\u00e0 proposte coprono le seguenti discipline: sciescursionismo (dai 13 anni), alpinismo e arrampicata. Per ogni fascia di et\u00e0 inoltre sono proposte attivit\u00e0 mirate. Oltre le attivit\u00e0 durante i fine settimana, i punti salienti del calendario&hellip;<\/p>\n","category_list_v2":"","author_info_v2":{"name":"Valeria Demarta","url":"https:\/\/casticino.ch\/?author=2"},"comments_num_v2":"0 commenti","_links":{"self":[{"href":"https:\/\/casticino.ch\/index.php?rest_route=\/wp\/v2\/pages\/65","targetHints":{"allow":["GET"]}}],"collection":[{"href":"https:\/\/casticino.ch\/index.php?rest_route=\/wp\/v2\/pages"}],"about":[{"href":"https:\/\/casticino.ch\/index.php?rest_route=\/wp\/v2\/types\/page"}],"author":[{"embeddable":true,"href":"https:\/\/casticino.ch\/index.php?rest_route=\/wp\/v2\/users\/2"}],"replies":[{"embeddable":true,"href":"https:\/\/casticino.ch\/index.php?rest_route=%2Fwp%2Fv2%2Fcomments&post=65"}],"version-history":[{"count":3,"href":"https:\/\/casticino.ch\/index.php?rest_route=\/wp\/v2\/pages\/65\/revisions"}],"predecessor-version":[{"id":4992,"href":"https:\/\/casticino.ch\/index.php?rest_route=\/wp\/v2\/pages\/65\/revisions\/4992"}],"wp:attachment":[{"href":"https:\/\/casticino.ch\/index.php?rest_route=%2Fwp%2Fv2%2Fmedia&parent=65"}],"curies":[{"name":"wp","href":"https:\/\/api.w.org\/{rel}","templated":true}]}}

<h3 class="wp-block-heading">Attività Giovani</h3>



<h3 class="wp-block-heading" id="jr">Introduzione</h3>



<p>L&#8217;attività OG (Organizzazione Giovani), della Sezione, è riservata a ragazze e ragazzi dai 10 ai 25 anni. L&#8217;obbiettivo è quello di formare i giovani nelle diverse discipline legate alla montagna. Permettendo loro di vivere esperienze uniche e crescere oltre che da un punto di vista tecnico, anche umano; con valori di condivisione e rispetto tipici delle persone abituate all&#8217;andare in montagna. Le attività proposte coprono le seguenti discipline: sciescursionismo (dai 13 anni), alpinismo e arrampicata. Per ogni fascia di età inoltre sono proposte attività mirate.</p>



<p>Oltre le attività durante i fine settimana, i punti salienti del calendario sono la settimana Spider alla Capanna Campo Tencia, la settimana di alpinismo per il gruppo Junior, 4 giorni di arrampicata ai Denti della Vecchia e la settimana di sci escursionismo durante le vacanze di Natale (dai 14 anni).</p>



<div class="wp-block-ugb-spacer ugb-spacer ugb-eee7197 ugb-spacer--v2 ugb-main-block"><div class="ugb-inner-block"><div class="ugb-block-content"><div class="ugb-spacer--inner"></div></div></div></div>



<h3 class="wp-block-heading" id="mini">Spider (10 &#8211; 15 anni)</h3>



<p>Perché non iniziare a muovere i primi passi su roccia già dai 10 anni? Scivolare su qualche nevaio o calarsi da una parete di 50 metri? A loro è dedicata la settimana al Tencia dove essere introdotti all&#8217;arrampicata e all&#8217;alpinismo. Con la settimana Mini i più piccoli hanno la possibilità di scegliere una settimana di escursioni sulle nostre montagne, spesso passando da capanna in capanna. In ogni caso il gioco, il divertimento, la formazione di un bel gruppo e la condivisione di nuove esperienze ed emozioni saranno una componente fondamentale di queste settimane.</p>



<div class="wp-block-ugb-spacer ugb-spacer ugb-8a8e29c ugb-spacer--v2 ugb-main-block"><div class="ugb-inner-block"><div class="ugb-block-content"><div class="ugb-spacer--inner"></div></div></div></div>



<h3 class="wp-block-heading">Junior (15 &#8211; 18 anni)</h3>



<p>Le montagne diventano più alte, più neve, ghiaccio e roccia. Dai 15 anni ai 18 il gruppo junior inizia a cimentarsi con scalate più impegnative. La settimana Junior, insieme con le uscite nei weekend permette ai principianti di iniziare in tutta sicurezza questa attività, oppure approfondire argomenti già visti nelle settimane per i più piccoli. L&#8217;apprendimento delle nozioni tecniche principali sono una componente fondamentale delle uscite. Si affronteranno anche salite a montagne mediamente difficili, in Ticino o nei cantoni confinanti. La salita di vie su roccia e l’arrampicata sportiva, porterà inoltre i giovani ad acquisire la sufficiente dimestichezza per poi frequentare anche in modo autonomo le palestre e le falesie.</p>



<div class="wp-block-ugb-spacer ugb-spacer ugb-ff80f61 ugb-spacer--v2 ugb-main-block"><div class="ugb-inner-block"><div class="ugb-block-content"><div class="ugb-spacer--inner"></div></div></div></div>



<h3 class="wp-block-heading"><strong>Allievi (18-25)</strong></h3>



<p>L&#8217;attività diventa più intensa ed interessante, ma c’è ampio spazio anche per chi decide a questa età di avvicinarsi per la prima volta alla montagna. Sci alpinismo, arrampicate in Svizzera e all&#8217;estero, alpinismo sui più belli itinerari di tutto l&#8217;arco alpino. Per chi lo desidera, l’obiettivo ultimo è di formare gli OG ad assumere il ruolo di capocordata nelle gite sezionali e di prepararli ad affrontare ulteriori corsi di formazione (G+S o CAS).</p>



<div class="wp-block-ugb-spacer ugb-spacer ugb-c8e70af ugb-spacer--v2 ugb-main-block"><div class="ugb-inner-block"><div class="ugb-block-content"><div class="ugb-spacer--inner"></div></div></div></div>



<h3 class="wp-block-heading"><strong>Programma gite</strong></h3>



<p>Gli OG sono invitati a partecipare anche alle altre attività sezionali come le gite per Attivi e gli eventi. Per scoprire quale gita è più adatta a voi non esitate a contattare il capogita o i referenti della Commissione Giovani. Non vi resta che iscrivervi!</p>



<div style="height: 1000px;  width: 100%;"> <iframe loading="lazy" style="border: none; position: relative; width: 100%; height: 1000px;" src="https://ssl.dropnet.ch/casticino/gite/index.php?page=touren&amp;year=&amp;typ=&amp;gruppe=Giovani&amp;anlasstyp=&amp;suchstring=" name="DropTours" width="1000" height="1000">
<p>Il tuo browser non supporta gli iframe</p>
<p>&nbsp;</p></iframe>
</div>

<p>Attività Giovani Introduzione L&#8217;attività OG (Organizzazione Giovani), della Sezione, è riservata a ragazze e ragazzi dai 10 ai 25 anni. L&#8217;obbiettivo è quello di formare i giovani nelle diverse discipline legate alla montagna. Permettendo loro di vivere esperienze uniche e crescere oltre che da un punto di vista tecnico, anche umano; con valori di condivisione [&hellip;]</p>

<p>Attività Giovani Introduzione L&#8217;attività OG (Organizzazione Giovani), della Sezione, è riservata a ragazze e ragazzi dai 10 ai 25 anni. L&#8217;obbiettivo è quello di formare i giovani nelle diverse discipline legate alla montagna. Permettendo loro di vivere esperienze uniche e crescere oltre che da un punto di vista tecnico, anche umano; con valori di condivisione e rispetto tipici delle persone abituate all&#8217;andare in montagna. Le attività proposte coprono le seguenti discipline: sciescursionismo (dai 13 anni), alpinismo e arrampicata. Per ogni fascia di età inoltre sono proposte attività mirate. Oltre le attività durante i fine settimana, i punti salienti del calendario&hellip;</p>
