{"id":57,"date":"2021-06-20T07:14:00","date_gmt":"2021-06-20T07:14:00","guid":{"rendered":"https:\/\/casticino.ch\/?page_id=57"},"modified":"2025-10-15T11:56:13","modified_gmt":"2025-10-15T09:56:13","slug":"corso-scialpinismo","status":"publish","type":"page","link":"https:\/\/casticino.ch\/?page_id=57","title":{"rendered":"CORSO SCI ESCURSIONISMO"},"content":{"rendered":"\n<div class=\"wp-block-ugb-columns ugb-columns ugb-bcb0252 ugb-columns--design-plain ugb-columns--columns-2 ugb-main-block\"><style>.ugb-bcb0252 > .ugb-inner-block > .ugb-block-content > .ugb-columns__item{grid-template-columns:1.34fr 0.66fr !important}<\/style><div class=\"ugb-inner-block\"><div class=\"ugb-block-content\"><div class=\"ugb-columns__item ugb-bcb0252-content-wrapper\">\n<div class=\"wp-block-ugb-column ugb-column ugb-7adde54 ugb-column--design-plain ugb-main-block\"><div class=\"ugb-inner-block\"><div class=\"ugb-block-content\"><div class=\"ugb-column__item ugb-7adde54-column-wrapper\"><div class=\"ugb-column__content-wrapper\">\n<h3 class=\"wp-block-heading\">Corso sci escursionismo<\/h3>\n\n\n\n<div class=\"wp-block-ugb-spacer ugb-spacer ugb-abfada0 ugb-spacer--v2 ugb-main-block\"><div class=\"ugb-inner-block\"><div class=\"ugb-block-content\"><div class=\"ugb-spacer--inner\"><\/div><\/div><\/div><\/div>\n\n\n\n<p>Da parecchi anni il corso di sci escursionismo riscuote grande successo di partecipazione. Il corso \u00e8&nbsp; aperto anche a snowboarder con la splitboard. L&#8217;obbiettivo del corso di sci escursionismo \u00e8 di dare ai&nbsp; partecipanti le nozioni necessarie per partecipare in sicurezza alle escursioni della Sezione. Inoltre,&nbsp; da una prima introduzione su come si pianifica una gita, che permetter\u00e0, dopo approfondimenti&nbsp; trattati al corso sci alpinismo, di poter muoversi in autonomia in condizioni sicure.&nbsp;<\/p>\n\n\n\n<p>L\u2019istruzione si svolge durante tre fine settimana. Prima del corso \u00e8 prevista una giornata di prova con&nbsp; lo scopo di valutare se la forma fisica dei partecipanti e le capacit\u00e0 tecniche siano sufficienti per la&nbsp; partecipazione al corso. \u00c8 richiesta una buona sciata su piste nere, meglio ancora su tutte le tipologie&nbsp; di neve (fuori pista). A livello fisico il minimo richiesto \u00e8 di riuscire a camminare 4-5 ore con un&nbsp; dislivello positivo di 1200 metri.&nbsp;<\/p>\n\n\n\n<p>Durante i tre fine settimana il partecipante \u00e8 introdotto gradualmente allo sci fuori pista con risalita in pelli di foca.&nbsp;&nbsp;<\/p>\n\n\n\n<p>I fine settimana sono organizzati come segue: il sabato \u00e8 principalmente dedicato all&#8217;istruzione, la&nbsp; domenica allo svolgimento di una gita con applicazione della teoria con l\u2019obbiettivo di raggiungere&nbsp; una cima, se le condizioni lo permettono.&nbsp;<\/p>\n\n\n\n<p>Un capitolo molto importante \u00e8 dedicato al pericolo valanghe, ad una corretta pianificazione della gita&nbsp; utilizzando i vari strumenti a disposizione.&nbsp;<\/p>\n\n\n\n<p>La teoria verr\u00e0 poi messa in pratica sul terreno durante le gite: monitori e guide insegneranno a&nbsp; cogliere i segnali tipici di una situazione pericolosa. In ragione della persistenza di un rischio residuo, malgrado una pianificazione gita accurata, verranno inoltre esercitati la ricerca di persone travolte da&nbsp; valanghe ed il primo soccorso.&nbsp;<\/p>\n\n\n\n<p>Il materiale di sicurezza (ARTVA, pala e sonda) \u00e8 messo a disposizione gratuitamente dalla Sezione&nbsp; previa richiesta da parte del partecipante.&nbsp;<\/p>\n\n\n\n<p>\u00c8 fissato un numero massimo di 30 partecipanti, la priorit\u00e0 \u00e8 data ai principianti e all\u2019ordine&nbsp; cronologico di iscrizione. L\u2019et\u00e0 minima per partecipare al corso \u00e8 16 anni compiuti. La partecipazione&nbsp; a tutte le uscite \u00e8 obbligatoria. Le uscite avverranno con qualsiasi tempo ed \u00e8 possibile un&nbsp; cambiamento di meta a dipendenza delle condizioni meteo-nivologiche.<\/p>\n<\/div><\/div><\/div><\/div><\/div>\n\n\n\n<div class=\"wp-block-ugb-column ugb-column ugb-fd26779 ugb-column--design-plain ugb-main-block\"><div class=\"ugb-inner-block\"><div class=\"ugb-block-content\"><div class=\"ugb-column__item ugb-fd26779-column-wrapper\"><div class=\"ugb-column__content-wrapper\">\n<div class=\"wp-block-ugb-button ugb-button-wrapper ugb-f593a15 ugb-button--design-fullwidth ugb-main-block\"><style>.ugb-f593a15 .ugb-button1{background-color:#4e7788;border-radius:27px !important}.ugb-f593a15 .ugb-button1 .ugb-button--inner,.ugb-f593a15 .ugb-button1 svg:not(.ugb-custom-icon){color:#ffffff !important}.ugb-f593a15 .ugb-button1:before{border-radius:27px !important}<\/style><div class=\"ugb-inner-block\"><div class=\"ugb-block-content\"><div class=\"ugb-button-container\"><a class=\"ugb-button1 ugb-button ugb-button--size-normal\" href=\"https:\/\/casticino.ch\/wp-content\/uploads\/2021\/08\/obiettivi_corso_sci_alpinismo_base.pdf\" target=\"_blank\" rel=\"noopener noreferrer\" title=\"\"><span class=\"ugb-button--inner\">Obiettivi del corso<\/span><\/a><\/div><\/div><\/div><\/div>\n\n\n\n<div class=\"wp-block-ugb-button ugb-button-wrapper ugb-9b628ad ugb-button--design-fullwidth ugb-main-block\"><style>.ugb-9b628ad .ugb-button1{background-color:#4e7788;border-radius:27px !important}.ugb-9b628ad .ugb-button1 .ugb-button--inner,.ugb-9b628ad .ugb-button1 svg:not(.ugb-custom-icon){color:#ffffff !important}.ugb-9b628ad .ugb-button1:before{border-radius:27px !important}<\/style><div class=\"ugb-inner-block\"><div class=\"ugb-block-content\"><div class=\"ugb-button-container\"><a class=\"ugb-button1 ugb-button ugb-button--size-normal\" href=\"https:\/\/casticino.ch\/wp-content\/uploads\/2021\/08\/equipaggiamento_sci_alpinismo-1.pdf\" target=\"_blank\" rel=\"noopener noreferrer\" title=\"\"><span class=\"ugb-button--inner\">Equipaggiamento<\/span><\/a><\/div><\/div><\/div><\/div>\n\n\n\n<div class=\"wp-block-ugb-button ugb-button-wrapper ugb-c9f6079 ugb-button--design-fullwidth ugb-main-block\"><style>.ugb-c9f6079 .ugb-button1{background-color:#4e7788;border-radius:27px !important}.ugb-c9f6079 .ugb-button1 .ugb-button--inner,.ugb-c9f6079 .ugb-button1 svg:not(.ugb-custom-icon){color:#ffffff !important}.ugb-c9f6079 .ugb-button1:before{border-radius:27px !important}<\/style><div class=\"ugb-inner-block\"><div class=\"ugb-block-content\"><div class=\"ugb-button-container\"><a class=\"ugb-button1 ugb-button ugb-button--size-normal\" href=\"https:\/\/casticino.ch\/wp-content\/uploads\/2021\/08\/regolamento_gite-1.pdf\" target=\"_blank\" rel=\"noopener noreferrer\" title=\"\"><span class=\"ugb-button--inner\">Regolamento gite<\/span><\/a><\/div><\/div><\/div><\/div>\n\n\n\n<div class=\"wp-block-ugb-button ugb-button-wrapper ugb-9c9a724 ugb-button--design-fullwidth ugb-main-block\"><style>.ugb-9c9a724 .ugb-button1{background-color:#4e7788;border-radius:27px !important}.ugb-9c9a724 .ugb-button1 .ugb-button--inner,.ugb-9c9a724 .ugb-button1 svg:not(.ugb-custom-icon){color:#ffffff !important}.ugb-9c9a724 .ugb-button1:before{border-radius:27px !important}<\/style><div class=\"ugb-inner-block\"><div class=\"ugb-block-content\"><div class=\"ugb-button-container\"><a class=\"ugb-button1 ugb-button ugb-button--size-normal\" href=\"https:\/\/casticino.ch\/wp-content\/uploads\/2025\/10\/Programma-2026_15.10.2025.pdf\" target=\"_blank\" rel=\"noopener noreferrer\" title=\"\"><span class=\"ugb-button--inner\">Programma 2026<\/span><\/a><\/div><\/div><\/div><\/div>\n\n\n\n<p><\/p>\n<\/div><\/div><\/div><\/div><\/div>\n<\/div><\/div><\/div><\/div>\n\n\n\n<div style=\"height: 1000px;  width: 100%;\"> <iframe loading=\"lazy\" style=\"border: none; position: relative; width: 100%; height: 1000px;\" src=\"https:\/\/ssl.dropnet.ch\/casticino\/gite\/index.php?page=detail&#038;touren_nummer=1714\" name=\"DropTours\" width=\"1000\" height=\"1000\">\n<p>Il tuo browser non supporta gli iframe<\/p>\n<p>&nbsp;<\/p><\/iframe>\n<\/div>\n","protected":false},"excerpt":{"rendered":"<p>Corso sci escursionismo Da parecchi anni il corso di sci escursionismo riscuote grande successo di partecipazione. Il corso \u00e8&nbsp; aperto anche a snowboarder con la splitboard. L&#8217;obbiettivo del corso di sci escursionismo \u00e8 di dare ai&nbsp; partecipanti le nozioni necessarie per partecipare in sicurezza alle escursioni della Sezione. Inoltre,&nbsp; da una prima introduzione su come [&hellip;]<\/p>\n","protected":false},"author":2,"featured_media":0,"parent":0,"menu_order":0,"comment_status":"closed","ping_status":"closed","template":"","meta":{"footnotes":""},"class_list":["post-57","page","type-page","status-publish","hentry"],"featured_image_urls_v2":{"full":"","thumbnail":"","medium":"","medium_large":"","large":"","1536x1536":"","2048x2048":"","psacp-medium":""},"post_excerpt_stackable_v2":"<p>Corso sci escursionismo Da parecchi anni il corso di sci escursionismo riscuote grande successo di partecipazione. Il corso \u00e8&nbsp; aperto anche a snowboarder con la splitboard. L&#8217;obbiettivo del corso di sci escursionismo \u00e8 di dare ai&nbsp; partecipanti le nozioni necessarie per partecipare in sicurezza alle escursioni della Sezione. Inoltre,&nbsp; da una prima introduzione su come si pianifica una gita, che permetter\u00e0, dopo approfondimenti&nbsp; trattati al corso sci alpinismo, di poter muoversi in autonomia in condizioni sicure.&nbsp; L\u2019istruzione si svolge durante tre fine settimana. Prima del corso \u00e8 prevista una giornata di prova con&nbsp; lo scopo di valutare se la forma&hellip;<\/p>\n","category_list_v2":"","author_info_v2":{"name":"Valeria Demarta","url":"https:\/\/casticino.ch\/?author=2"},"comments_num_v2":"0 commenti","_links":{"self":[{"href":"https:\/\/casticino.ch\/index.php?rest_route=\/wp\/v2\/pages\/57","targetHints":{"allow":["GET"]}}],"collection":[{"href":"https:\/\/casticino.ch\/index.php?rest_route=\/wp\/v2\/pages"}],"about":[{"href":"https:\/\/casticino.ch\/index.php?rest_route=\/wp\/v2\/types\/page"}],"author":[{"embeddable":true,"href":"https:\/\/casticino.ch\/index.php?rest_route=\/wp\/v2\/users\/2"}],"replies":[{"embeddable":true,"href":"https:\/\/casticino.ch\/index.php?rest_route=%2Fwp%2Fv2%2Fcomments&post=57"}],"version-history":[{"count":13,"href":"https:\/\/casticino.ch\/index.php?rest_route=\/wp\/v2\/pages\/57\/revisions"}],"predecessor-version":[{"id":5384,"href":"https:\/\/casticino.ch\/index.php?rest_route=\/wp\/v2\/pages\/57\/revisions\/5384"}],"wp:attachment":[{"href":"https:\/\/casticino.ch\/index.php?rest_route=%2Fwp%2Fv2%2Fmedia&parent=57"}],"curies":[{"name":"wp","href":"https:\/\/api.w.org\/{rel}","templated":true}]}}