{"id":48,"date":"2021-06-19T22:56:56","date_gmt":"2021-06-19T22:56:56","guid":{"rendered":"https:\/\/casticino.ch\/?page_id=48"},"modified":"2021-06-19T22:56:56","modified_gmt":"2021-06-19T22:56:56","slug":"capanne-cas-ticino","status":"publish","type":"page","link":"https:\/\/casticino.ch\/?page_id=48","title":{"rendered":"CAPANNE CAS TICINO"},"content":{"rendered":"\n<h3 class=\"wp-block-heading\">Capanne CAS Ticino<\/h3>\n\n\n\n<p>La sezione Ticino \u00e8 proprietaria di 5 capanne alpine e di un piccolo rifugio, la Baita del Luca, situato ai piedi dei Denti della Vecchia, punto di ritrovo del gruppo giovanile. In Valle Bedretto si trova la capanna Cristallina e in Leventina la capanna Campo Tencia. In Valle di Blenio la capanna Motterascio e il nostalgico rifugio dell&#8217;Adula. Sul favoloso balcone luganese del Monte Bar si trova poi l&#8217;omonimo rifugio.<\/p>\n\n\n\n<p>Le capanne sono sempre aperte ma custodite unicamente durante i periodi di presenza dei guardiani, che si occupano della refezione, del mantenimento dell&#8217;ordine, della pulizia e della riscossione delle tasse. Di norma l&#8217;apertura \u00e8 continuata durante il periodo delle vacanze scolastiche estive, fino ad autunno inoltrato. Le sole capanne del Cristallina e al Monte Bar sono custodite con regolarit\u00e0 durante le festivit\u00e0 ed i fine settimana invernali; \u00e8 comunque sempre importante prendere contatto con i guardiani per verificarne la presenza e le condizioni della montagna.<\/p>\n\n\n\n<p>La commissione capanne coordina, per il tramite degli ispettori, la gestione dei rifugi, i lavori di manutenzione ordinaria e straordinaria e controlla l&#8217;operato dei guardiani. Ogni guardiano dispone di un affiatato team di aiutanti volontari, le cosiddette &#8220;api operaie&#8221;, che in occasione di apertura e chiusura ma anche durante la stagione, aiutano nei lavori di piccola manutenzione, di pulizia, di approvvigionamento, e passano anche qualche piacevole serata in rifugio. Il contributo di questi volontari \u00e8 molto importante, e solo grazie a loro \u00e8 possibile offrire un servizio di qualit\u00e0.<\/p>\n\n\n\n<p>Siamo sempre alla ricerca di volontari! Chi \u00e8 interessato ad aiutare, pu\u00f2 rivolgersi direttamente al guardiano o alla commissione capanne.<\/p>\n","protected":false},"excerpt":{"rendered":"<p>Capanne CAS Ticino La sezione Ticino \u00e8 proprietaria di 5 capanne alpine e di un piccolo rifugio, la Baita del Luca, situato ai piedi dei Denti della Vecchia, punto di ritrovo del gruppo giovanile. In Valle Bedretto si trova la capanna Cristallina e in Leventina la capanna Campo Tencia. In Valle di Blenio la capanna [&hellip;]<\/p>\n","protected":false},"author":2,"featured_media":0,"parent":0,"menu_order":0,"comment_status":"closed","ping_status":"closed","template":"","meta":{"footnotes":""},"class_list":["post-48","page","type-page","status-publish","hentry"],"featured_image_urls_v2":{"full":"","thumbnail":"","medium":"","medium_large":"","large":"","1536x1536":"","2048x2048":"","psacp-medium":""},"post_excerpt_stackable_v2":"<p>Capanne CAS Ticino La sezione Ticino \u00e8 proprietaria di 5 capanne alpine e di un piccolo rifugio, la Baita del Luca, situato ai piedi dei Denti della Vecchia, punto di ritrovo del gruppo giovanile. In Valle Bedretto si trova la capanna Cristallina e in Leventina la capanna Campo Tencia. In Valle di Blenio la capanna Motterascio e il nostalgico rifugio dell&#8217;Adula. Sul favoloso balcone luganese del Monte Bar si trova poi l&#8217;omonimo rifugio. Le capanne sono sempre aperte ma custodite unicamente durante i periodi di presenza dei guardiani, che si occupano della refezione, del mantenimento dell&#8217;ordine, della pulizia e della&hellip;<\/p>\n","category_list_v2":"","author_info_v2":{"name":"Valeria Demarta","url":"https:\/\/casticino.ch\/?author=2"},"comments_num_v2":"0 commenti","_links":{"self":[{"href":"https:\/\/casticino.ch\/index.php?rest_route=\/wp\/v2\/pages\/48","targetHints":{"allow":["GET"]}}],"collection":[{"href":"https:\/\/casticino.ch\/index.php?rest_route=\/wp\/v2\/pages"}],"about":[{"href":"https:\/\/casticino.ch\/index.php?rest_route=\/wp\/v2\/types\/page"}],"author":[{"embeddable":true,"href":"https:\/\/casticino.ch\/index.php?rest_route=\/wp\/v2\/users\/2"}],"replies":[{"embeddable":true,"href":"https:\/\/casticino.ch\/index.php?rest_route=%2Fwp%2Fv2%2Fcomments&post=48"}],"version-history":[{"count":1,"href":"https:\/\/casticino.ch\/index.php?rest_route=\/wp\/v2\/pages\/48\/revisions"}],"predecessor-version":[{"id":49,"href":"https:\/\/casticino.ch\/index.php?rest_route=\/wp\/v2\/pages\/48\/revisions\/49"}],"wp:attachment":[{"href":"https:\/\/casticino.ch\/index.php?rest_route=%2Fwp%2Fv2%2Fmedia&parent=48"}],"curies":[{"name":"wp","href":"https:\/\/api.w.org\/{rel}","templated":true}]}}

<h3 class="wp-block-heading">Capanne CAS Ticino</h3>



<p>La sezione Ticino è proprietaria di 5 capanne alpine e di un piccolo rifugio, la Baita del Luca, situato ai piedi dei Denti della Vecchia, punto di ritrovo del gruppo giovanile. In Valle Bedretto si trova la capanna Cristallina e in Leventina la capanna Campo Tencia. In Valle di Blenio la capanna Motterascio e il nostalgico rifugio dell&#8217;Adula. Sul favoloso balcone luganese del Monte Bar si trova poi l&#8217;omonimo rifugio.</p>



<p>Le capanne sono sempre aperte ma custodite unicamente durante i periodi di presenza dei guardiani, che si occupano della refezione, del mantenimento dell&#8217;ordine, della pulizia e della riscossione delle tasse. Di norma l&#8217;apertura è continuata durante il periodo delle vacanze scolastiche estive, fino ad autunno inoltrato. Le sole capanne del Cristallina e al Monte Bar sono custodite con regolarità durante le festività ed i fine settimana invernali; è comunque sempre importante prendere contatto con i guardiani per verificarne la presenza e le condizioni della montagna.</p>



<p>La commissione capanne coordina, per il tramite degli ispettori, la gestione dei rifugi, i lavori di manutenzione ordinaria e straordinaria e controlla l&#8217;operato dei guardiani. Ogni guardiano dispone di un affiatato team di aiutanti volontari, le cosiddette &#8220;api operaie&#8221;, che in occasione di apertura e chiusura ma anche durante la stagione, aiutano nei lavori di piccola manutenzione, di pulizia, di approvvigionamento, e passano anche qualche piacevole serata in rifugio. Il contributo di questi volontari è molto importante, e solo grazie a loro è possibile offrire un servizio di qualità.</p>



<p>Siamo sempre alla ricerca di volontari! Chi è interessato ad aiutare, può rivolgersi direttamente al guardiano o alla commissione capanne.</p>

<p>Capanne CAS Ticino La sezione Ticino è proprietaria di 5 capanne alpine e di un piccolo rifugio, la Baita del Luca, situato ai piedi dei Denti della Vecchia, punto di ritrovo del gruppo giovanile. In Valle Bedretto si trova la capanna Cristallina e in Leventina la capanna Campo Tencia. In Valle di Blenio la capanna [&hellip;]</p>

<p>Capanne CAS Ticino La sezione Ticino è proprietaria di 5 capanne alpine e di un piccolo rifugio, la Baita del Luca, situato ai piedi dei Denti della Vecchia, punto di ritrovo del gruppo giovanile. In Valle Bedretto si trova la capanna Cristallina e in Leventina la capanna Campo Tencia. In Valle di Blenio la capanna Motterascio e il nostalgico rifugio dell&#8217;Adula. Sul favoloso balcone luganese del Monte Bar si trova poi l&#8217;omonimo rifugio. Le capanne sono sempre aperte ma custodite unicamente durante i periodi di presenza dei guardiani, che si occupano della refezione, del mantenimento dell&#8217;ordine, della pulizia e della&hellip;</p>
